{"id":16,"date":"2016-08-27T13:00:33","date_gmt":"2016-08-27T11:00:33","guid":{"rendered":"http:\/\/wordpress.christiane-klee.de\/?page_id=16"},"modified":"2020-06-08T20:44:04","modified_gmt":"2020-06-08T18:44:04","slug":"startseite","status":"publish","type":"page","link":"https:\/\/www.christiane-klee.de\/","title":{"rendered":"Startseite"},"content":{"rendered":"<p><strong>Herzlich Willkommen in meiner Praxis f\u00fcr Osteopathie und Akupunktur.<\/strong><\/p>\n<p>Guten Tag, ich freue mich sehr \u00fcber Ihr Interesse an meiner Praxis.<br \/>\nInformieren sie sich in Ruhe \u00fcber die verschiedenen Behandlungsmethoden, M\u00f6glichkeiten der Kostenerstattung und vieles mehr.<\/p>\n<p>Ganzheitliche Betrachtung des Krankheitsbildes und des Patienten stehen in meiner Art der Behandlung im Vordergrund.<br \/>\nAus tiefster \u00dcberzeugung bin ich der Meinung, da\u00df man nicht nur die Krankheit in den Fokus der Behandlung stellen darf, sondern den Menschen als Ganzes. Es reicht nicht einen Schmerz zu bet\u00e4uben, man muss die Ursache bek\u00e4mpfen, nur dann kann man meiner Meinung nach eine dauerhafte Verbesserung der Beschwerden erzielen.<\/p>\n<p>In meiner Praxis nehme ich mir Zeit f\u00fcr Sie. Ich lege Wert auf eine ausf\u00fchrliche Anamnese vor der Behandlung, denn dies ist der erste Grundstein einer wirkungsvollen Therapie. Gemeinsam erarbeiteten wir einen optimalen Behandlungsplan und besprechen Ihre Behandlungsziele.Vollkommen ehrlich sage ich Ihnen was wir erreichen k\u00f6nnen, was sinnvoll ist und was nicht.<\/p>\n<p>K\u00f6rperliche und geistige Gesundheit sind die wichtigsten G\u00fcter unserer Freiheit und Lebensqualit\u00e4t.<br \/>\nWie wertvoll sie sind merken wir oft erst, wenn wir unter Schmerzen oder<br \/>\nBewegungseinschr\u00e4nkungen leiden. Osteopathie und Akupunktur nach den Gesichtspunkten der chinesischen Medizin, kann sowohl prophylaktisch als auch bei akuten Beschwerden angewandt werden.<\/p>\n<p>Ich w\u00fcrde mich sehr freuen Sie in meiner Praxis begr\u00fc\u00dfen zu k\u00f6nnen!<\/p>\n","protected":false},"excerpt":{"rendered":"<p>Herzlich Willkommen in meiner Praxis f\u00fcr Osteopathie und Akupunktur. Guten Tag, ich freue mich sehr \u00fcber Ihr Interesse an meiner Praxis. Informieren sie sich in Ruhe \u00fcber die verschiedenen Behandlungsmethoden, M\u00f6glichkeiten der Kostenerstattung und vieles mehr. Ganzheitliche Betrachtung des Krankheitsbildes und des Patienten stehen in meiner Art der Behandlung im Vordergrund. Aus tiefster \u00dcberzeugung bin &hellip; <\/p>\n<p class=\"link-more\"><a href=\"https:\/\/www.christiane-klee.de\/\" class=\"more-link\"><span class=\"screen-reader-text\">\u201eStartseite\u201c<\/span> weiterlesen<\/a><\/p>\n","protected":false},"author":1,"featured_media":0,"parent":0,"menu_order":0,"comment_status":"closed","ping_status":"closed","template":"","meta":[],"_links":{"self":[{"href":"https:\/\/www.christiane-klee.de\/index.php?rest_route=\/wp\/v2\/pages\/16"}],"collection":[{"href":"https:\/\/www.christiane-klee.de\/index.php?rest_route=\/wp\/v2\/pages"}],"about":[{"href":"https:\/\/www.christiane-klee.de\/index.php?rest_route=\/wp\/v2\/types\/page"}],"author":[{"embeddable":true,"href":"https:\/\/www.christiane-klee.de\/index.php?rest_route=\/wp\/v2\/users\/1"}],"replies":[{"embeddable":true,"href":"https:\/\/www.christiane-klee.de\/index.php?rest_route=%2Fwp%2Fv2%2Fcomments&post=16"}],"version-history":[{"count":12,"href":"https:\/\/www.christiane-klee.de\/index.php?rest_route=\/wp\/v2\/pages\/16\/revisions"}],"predecessor-version":[{"id":133,"href":"https:\/\/www.christiane-klee.de\/index.php?rest_route=\/wp\/v2\/pages\/16\/revisions\/133"}],"wp:attachment":[{"href":"https:\/\/www.christiane-klee.de\/index.php?rest_route=%2Fwp%2Fv2%2Fmedia&parent=16"}],"curies":[{"name":"wp","href":"https:\/\/api.w.org\/{rel}","templated":true}]}}